{"id":181,"date":"2021-01-06T13:43:07","date_gmt":"2021-01-06T12:43:07","guid":{"rendered":"https:\/\/www.editiontell.net\/?page_id=181"},"modified":"2024-07-01T11:34:34","modified_gmt":"2024-07-01T09:34:34","slug":"ueber-uns","status":"publish","type":"page","link":"https:\/\/www.aditorial.at\/editiontell\/ueber-uns\/","title":{"rendered":"\u00dcber uns"},"content":{"rendered":"<div class=\"wpb-content-wrapper\"><p>[vc_row css=&#8220;.vc_custom_1609939277987{margin-bottom: 40px !important;}&#8220;][vc_column width=&#8220;1\/2&#8243;][vc_column_text css=&#8220;&#8220;]<\/p>\n<h4><strong>Team<\/strong><\/h4>\n<p>Beate Mayr-Kniescheck ist <a href=\"http:\/\/www.kniescheck.com\" target=\"_blank\" rel=\"noopener\">Autorin<\/a> und <a href=\"http:\/\/www.aditorial.at\" target=\"_blank\" rel=\"noopener\">Kommunikationsberaterin<\/a>. Ihr Deb\u00fctroman <a href=\"https:\/\/www.aditorial.at\/kniescheck\/eva-und-soehne\/\" target=\"_blank\" rel=\"noopener\">\u201eEva &amp; S\u00f6hne<!-- Bitte zu https:\/\/www.aditorial.at\/kniescheck\/eva-und-soehne\/ verlinken -->\u201c<\/a> erschien 2022 im Septime Verlag. Schreibt auch Kurzprosa, Dramolette und Gedichte, diverse Publikationen in Anthologien und Literaturzeitschriften. Ehrenamtliches Engagement im Migrationsbereich. Lebt mit ihrer Familie in Wien.<\/p>\n<p><strong>Lena Presker<\/strong> ist freiberufliche Lektorin und unterrichtet Deutsch als Fremdsprache. Zuvor war sie als PR-Verantwortliche t\u00e4tig, unter anderem f\u00fcr eine soziale Organisation im Gesundheitsbereich, und studierte Publizistik in Wien.<\/p>\n<p><strong>Natascha Miljkovic<\/strong> ist Sachbuchautorin, Wissenschaftskommunikatorin und <a href=\"https:\/\/www.plagiatpruefung.at\/\" target=\"_blank\" rel=\"noopener\">Expertin f\u00fcr Plagiatpr\u00e4vention<\/a>. Sie ber\u00e4t Bildungseinrichtungen und unterrichtet an Universit\u00e4ten. Zuvor Forschungst\u00e4tigkeit sowie Doktoratsstudium der Zoologie.[\/vc_column_text][\/vc_column][vc_column width=&#8220;1\/2&#8243;][vc_column_text css=&#8220;&#8220;]<img fetchpriority=\"high\" decoding=\"async\" class=\"aligncenter size-full wp-image-260\" src=\"https:\/\/www.aditorial.at\/editiontell\/wp-content\/uploads\/2024\/07\/edition-tell-scaled.jpg\" alt=\"\" width=\"2560\" height=\"1920\" srcset=\"https:\/\/www.aditorial.at\/editiontell\/wp-content\/uploads\/2024\/07\/edition-tell-scaled.jpg 2560w, https:\/\/www.aditorial.at\/editiontell\/wp-content\/uploads\/2024\/07\/edition-tell-300x225.jpg 300w, https:\/\/www.aditorial.at\/editiontell\/wp-content\/uploads\/2024\/07\/edition-tell-768x576.jpg 768w, https:\/\/www.aditorial.at\/editiontell\/wp-content\/uploads\/2024\/07\/edition-tell-1536x1152.jpg 1536w\" sizes=\"(max-width: 2560px) 100vw, 2560px\" \/>[\/vc_column_text][\/vc_column][\/vc_row]<\/p>\n<\/div>","protected":false},"excerpt":{"rendered":"<p>[vc_row css=&#8220;.vc_custom_1609939277987{margin-bottom: 40px !important;}&#8220;][vc_column width=&#8220;1\/2&#8243;][vc_column_text css=&#8220;&#8220;] Team Beate Mayr-Kniescheck ist Autorin und Kommunikationsberaterin. Ihr Deb\u00fctroman \u201eEva &amp; S\u00f6hne\u201c erschien 2022 im Septime Verlag. Schreibt auch Kurzprosa, Dramolette und Gedichte, diverse Publikationen in Anthologien und Literaturzeitschriften. Ehrenamtliches Engagement im Migrationsbereich. Lebt [&hellip;]<\/p>\n","protected":false},"author":1,"featured_media":0,"parent":0,"menu_order":0,"comment_status":"closed","ping_status":"closed","template":"","meta":{"footnotes":""},"class_list":["post-181","page","type-page","status-publish","hentry"],"_links":{"self":[{"href":"https:\/\/www.aditorial.at\/editiontell\/wp-json\/wp\/v2\/pages\/181","targetHints":{"allow":["GET"]}}],"collection":[{"href":"https:\/\/www.aditorial.at\/editiontell\/wp-json\/wp\/v2\/pages"}],"about":[{"href":"https:\/\/www.aditorial.at\/editiontell\/wp-json\/wp\/v2\/types\/page"}],"author":[{"embeddable":true,"href":"https:\/\/www.aditorial.at\/editiontell\/wp-json\/wp\/v2\/users\/1"}],"replies":[{"embeddable":true,"href":"https:\/\/www.aditorial.at\/editiontell\/wp-json\/wp\/v2\/comments?post=181"}],"version-history":[{"count":9,"href":"https:\/\/www.aditorial.at\/editiontell\/wp-json\/wp\/v2\/pages\/181\/revisions"}],"predecessor-version":[{"id":271,"href":"https:\/\/www.aditorial.at\/editiontell\/wp-json\/wp\/v2\/pages\/181\/revisions\/271"}],"wp:attachment":[{"href":"https:\/\/www.aditorial.at\/editiontell\/wp-json\/wp\/v2\/media?parent=181"}],"curies":[{"name":"wp","href":"https:\/\/api.w.org\/{rel}","templated":true}]}}